*r**4 + 1/60*r**5 + 0*r - 2/3*r**3 + 0 + 3*r**2. What are the prime factors of q(-3)?
5
What are the prime factors of 4 - 1198/4*(-10 + 8)?
3, 67
Let z(j) be the first derivative of 4*j**3/3 + j**2/2 - 10*j - 23. List the prime factors of z(5).
5, 19
Suppose -5*d + 22 + 41 = -3*b, -5*b + 4*d - 92 = 0. Let f = b - -25. Suppose 5*c = 51 + f. What are the prime factors of c?
2, 3
Let a(f) = f**3 + 11*f**2 - 30*f + 2. Let h be a(-13). Suppose h*w = 52*w + 362. What are the prime factors of w?
181
Let b = 13723 + -8037. What are the prime factors of b?
2, 2843
Suppose 0 = c + 4*p - 3037, -25 + 10 = 5*p. List the prime factors of c.
3049
Suppose 3*p = -15, -3*a - 4 = 3*p - 22. Suppose x - 17 = i, -3*i = x + 2*i - a. What are the prime factors of x?
2
Let x(z) = -3*z**3 + z + 6*z**3 - 6 + 3 - 4*z. Let y be x(-2). Let k = y - -40. List the prime factors of k.
19
Let t be 2/(-4)*2 + 3. Suppose 4*k + t = -22. List the prime factors of (k/3)/(1/(-5)).
2, 5
Let f(z) = 43*z - 54. What are the prime factors of f(16)?
2, 317
Let i(a) = 8*a**2 - 3*a - 8. Let g be i(-4). Suppose 51 = u - g. List the prime factors of u.
3, 61
Suppose 0 = 3*b - b. Suppose 58 = 2*k - n, -5*k + 3*n + 147 = -b*k. List the prime factors of k.
3
Let n(d) = d**3 - 5*d**2 + 14*d + 5. What are the prime factors of n(9)?
5, 7, 13
Suppose 5*r = -3*w - 9, 3*w + 15 = -2*r - 2*w. Suppose r = -x + 14. List the prime factors of x.
2, 7
What are the prime factors of 1*-4 - (-593 + 70/(-10))?
2, 149
Let g(x) = -101*x + 11. What are the prime factors of g(-3)?
2, 157
Suppose -2*o = -h + 3*o - 10, -2 = 2*h - 4*o. List the prime factors of (h - 4)/(2/218).
109
Let k(w) = 631*w - 224. What are the prime factors of k(3)?
1669
Let j = 400 - -74. Suppose 48 = 3*r - j. What are the prime factors of r?
2, 3, 29
Suppose -4*l + 3*l = 127. Let z = 251 + l. List the prime factors of z.
2, 31
Let m = -24 - -26. What are the prime factors of ((-5)/15)/(m/(-408))?
2, 17
List the prime factors of (18 - (0 + -2))*(-1085)/(-28).
5, 31
Suppose -m + 89 = -212. List the prime factors of m.
7, 43
Let y(z) = z**2 - 18*z + 61. List the prime factors of y(-12).
421
Let r = -1670 + 4287. List the prime factors of r.
2617
Let z(w) = w**2 + 4*w + 25. Let m be (2/(-2))/3 - (-323)/(-57). List the prime factors of z(m).
37
Suppose -104*h + 103*h = 8. Let i = 46 - h. What are the prime factors of i?
2, 3
Let n(m) = 12*m**2 + 2*m**3 + 8 - 4*m**3 + 4*m**3 - 18*m - 3*m**3. List the prime factors of n(7).
127
Let s(w) = 2*w - 18. Let d be s(10). Suppose 4*z + d*l = l + 15, l = -2*z + 7. List the prime factors of z.
2
Let k = -215 + 535. Let o = k - 192. List the prime factors of o.
2
Let p = 4 + -2. Suppose 4*a = 3*c + p*a - 36, c = -5*a + 12. Suppose 3*i = -c, -3*i - 30 = -w - 0*i. List the prime factors of w.
2, 3
Suppose -2*v - 3*v + 3218 = -2*n, -2*n = 5*v - 3222. What are the prime factors of v?
2, 7, 23
Let r(n) = 2*n - 89. Let s be r(0). Let d = 242 - 118. Let l = d + s. What are the prime factors of l?
5, 7
Suppose 7147 = 13*u - 5905. What are the prime factors of u?
2, 251
Let v = -31 - -40. Suppose 2 = 2*r + u - v, 3*r - 3*u + 6 = 0. Suppose -5*k = -3*b + 68, -7*k + 86 = 3*b - r*k. What are the prime factors of b?
2, 13
Suppose -6*d - 2*u = -3*d - 613, -d + 2*u = -191. What are the prime factors of d?
3, 67
Let n = 259 + -562. Let b = n + 541. What are the prime factors of b?
2, 7, 17
Suppose 3*t + 3*j - 30 = 0, 0 = -3*j + j + 2. Let m be ((-7)/(-4))/((-2)/(-8)). Suppose m = 4*r - t. List the prime factors of r.
2
Suppose 16*d - 2578 - 510 = 0. List the prime factors of d.
193
Suppose 0 = -8*j + 4866 - 2. List the prime factors of j.
2, 19
Suppose -31 = -4*u + 53. Suppose -q - 2*n = u, -n + 2 = n. Let v = 45 + q. List the prime factors of v.
2, 11
Let p(n) = 0*n - 7*n - 2 + 7*n**2 + 1 + n**3 - 3. List the prime factors of p(-7).
3, 5
Suppose 5*h = -2*v + 4*h - 9, 0 = -4*v - 3*h - 13. Let x be v/(3 + -2 + 0). Let c = 22 + x. What are the prime factors of c?
3, 5
Let t be (-378)/(-12)*4/6. Suppose o + t = -2*u - u, -3*o + 3*u - 15 = 0. What are the prime factors of 2 + -1 - (-33 - o)?
5
Let t(o) = -o**3 - 5*o**2 - 2*o + 3. Let a be t(-4). Let g = a - -5. Suppose g*s + 2*s - 22 = 0. List the prime factors of s.
11
Suppose 0 = 5*c + 5, 4*u - 4835 + 122 = c. What are the prime factors of u?
2, 19, 31
Let n = -15 - -18. Suppose n*m + 58 = -35. Let o = 61 + m. What are the prime factors of o?
2, 3, 5
Let r = -39 - -76. Let z = r + -22. Suppose -14*g = -z*g + 73. What are the prime factors of g?
73
Suppose -3*d = -5*l - 0*l - 45, 2*l + 4*d - 8 = 0. List the prime factors of (-48 + 0)/((-1)/((-16)/l)).
2
What are the prime factors of (-15)/10*4/12*-1894?
947
Suppose -k + 0 = -2. Suppose 3*o - 7 = -5*t - 22, -5*t - 40 = -k*o. List the prime factors of ((-2)/t)/(2/12).
2
Suppose 7*n = 8*n - 5. Suppose 0 = 4*j - 17 + n. Suppose 3*o - 7 = -l + 3, 2*l = -j*o + 32. List the prime factors of l.
2, 11
Let j(r) = -r**3 - 6*r**2 - 6*r + 2. Let s be (8/16)/((-1)/10). What are the prime factors of j(s)?
7
Suppose 20*k - 16*k = 0. Let t(j) = j**3 + j**2 - 3*j + 95. What are the prime factors of t(k)?
5, 19
Suppose 1 = -y + 3. Suppose y*s + 24 = 7*s + r, 8 = s + r. Suppose -9 + 77 = s*b. What are the prime factors of b?
17
Suppose -4*y - 5*g = -40, -y - 12 - 3 = -5*g. Let o = 2 - y. List the prime factors of (o - -1)/((-3)/36).
2, 3
Let k = -12 - -12. What are the prime factors of 15*2/(k - 2/(-5))?
3, 5
Suppose 3*x + 3*i = 4833, -3*x + 4596 + 237 = -3*i. What are the prime factors of x?
3, 179
List the prime factors of (-6)/15 + 17017/55.
3, 103
Suppose 5 = -2*c + i + 12, 5*i + 20 = 5*c. Suppose 4*l = c + 5. Suppose -b + l*b - 14 = 0. What are the prime factors of b?
2, 7
Let v(r) = -r**3 + 10*r**2 + 11*r + 12. Suppose -13 - 9 = -2*n. Let l be v(n). Suppose -3*q = -42 + l. What are the prime factors of q?
2, 5
Let u be ((2 + -4)/2)/((-6)/84). Suppose g - u = 25. What are the prime factors of g?
3, 13
Suppose -3*m - w - w + 107 = 0, -4*m - w = -141. Let k be 1115/45 + (-4)/(-18). Let h = m - k. What are the prime factors of h?
2, 5
Let k(w) = w**3 + 5*w**2 - 7*w - 6. Let f be k(-6). Suppose 0 = 3*i - f*i - 492. What are the prime factors of i?
2, 41
Let l(a) = a**2 - a. Let w be l(3). Let t(b) be the second derivative of -b**5/20 + 7*b**4/12 - b**3/3 - b**2 + b. List the prime factors of t(w).
2, 11
Let t(r) = -1048*r**3 + 19*r**2 + 14*r - 4. What are the prime factors of t(-1)?
1049
Let j(k) be the first derivative of 1/4*k**4 + 4 - 8/3*k**3 + 6*k + k**2. What are the prime factors of j(8)?
2, 11
Suppose -3*g + 6 + 768 = 0. List the prime factors of (g/(-9))/((-3)/9).
2, 43
Suppose 0 = u - 0*u - 3. Suppose -110 = -u*f - 2*f + 3*h, 2*f + 4*h - 44 = 0. Suppose 3*g - 62 - f = 0. What are the prime factors of g?
2, 7
Let w = -53 - -49. What are the prime factors of ((-70)/(-15) + w)/(3/270)?
2, 3, 5
Suppose -a - 4*i = -0*i - 5, 4*i = a - 13. Suppose -8*w - 4 = -a*w. Suppose 0 = w*k - 38 - 70. What are the prime factors of k?
3
Suppose 3*h = -3*q + 30, 4*h - 15 = -2*q + 3*q. Suppose 1387 = 5*g - x, 3*g + x - 822 = h*x. What are the prime factors of g?
2, 139
Suppose -q = 5*c - 0*q + 15, -15 = 5*c + 4*q. Let y be ((-2)/4)/(c/(-18)). Let u = 21 + y. List the prime factors of u.
2, 3
Let l(o) = -3*o + 18. Let d be l(5). Let k = 3 - 0. Suppose -r = k*q - 72, -d*r - 113 = -5*q - 7*r. What are the prime factors of q?
5
What are the prime factors of 29094/28 + (-19)/266?
1039
Suppose -2*q = 11*q - 12038. What are the prime factors of q?
2, 463
Let q = -10681 - -15547. List the prime factors of q.
2, 3, 811
Let t = 1394 - 735. What are the prime factors of t?
659
Let r be 126/(21/6 - 2). Let u = -115 - -174. Let n = r - u. What are the prime factors of n?
5
Let u(w) = 55*w - 345. What are the prime factors of u(13)?
2, 5, 37
Suppose 2*v + 5*v - 308 = 0. Suppose y = 4*t, 0 = -2*t + 5*t - 3. Suppose 3*p - v = 2*n - 4*n, -y*p + 16 = 0. What are the prime factors of n?
2
Suppose q - 28 + 12 = 0. Let l be q/(-72) - (-94)/18. Suppose f - 2*p - 27 = -0*f, -l*f + 191 = 4*p. List the prime factors of f.
5, 7
Suppose -4*a + 5*z = -4937, 0 = -3*a - 2*a - z + 6164. What are the prime factors of a?
3, 137
Let f = -3 + 7. Suppose 3*l - 7*l - f*a = -8, a = -3*l + 16